- 6. Let v be x(-5). Let i = -65 - v. Let k be 1800/(-30)*(3/5 - i). Calculate the greatest common divisor of 16 and k.
8
Let h = 8956 + -8648. What is the highest common factor of 1342 and h?
22
Suppose 111*j - 12272 + 2615 = 0. What is the highest common factor of j and 6554?
29
Let z(k) = 3*k**2 + 2*k - 12. Let q be z(4). Let d = 186 + -186. Suppose 10*s + 14 - q = d. What is the highest common factor of 3 and s?
3
Let q(c) = c**3 - 7*c**2 - 16*c + 7. Let g be q(9). Let r(j) = 59*j - 249. Let k be r(11). Calculate the greatest common divisor of g and k.
25
Let g(i) = -12*i - 32. Let w(o) = -o - 1. Let h(a) = 2*g(a) - 20*w(a). Let k be h(-17). Let y = -15 + k. Calculate the highest common divisor of 81 and y.
9
Suppose -45*y + 132 = 78*y - 101*y. Let d be ((-4 - 0) + 2)*-1. Suppose -d = -2*i, -i - 4*i = -4*c + 19. Calculate the highest common factor of y and c.
6
Let h(l) = -16*l**3 + 22*l**2 + 190*l + 13. Let j be h(-7). What is the highest common factor of j and 58?
29
Let y(t) = t**3 - 2*t**2 - 6*t - 7. Let w be y(5). Suppose -w*j + 27 = -35*j. Calculate the highest common factor of j and 27.
9
Suppose 2*v - 7*v + 5 = -4*t, -v + 1 = 5*t. Suppose 5*n = -5, -y = 2*y - 2*n + v. Let l be y*7*(-8 - (-13 + 7)). What is the highest common factor of 42 and l?
14
Let f(s) = s**3 - 7*s**2 + 23*s - 7. Let u be f(7). Let m = u + -89. Let h = -24 - -37. Calculate the greatest common factor of h and m.
13
Let s be (-696)/(-60) + 12 + (-12)/20. What is the greatest common factor of 7 and s?
1
Suppose 465 - 147 = 2*v + 2*f, -4*f + 312 = 2*v. Calculate the highest common factor of 8 and v.
2
Let z = 144 + -114. Suppose -65*g + 315 = -z*g. Suppose 6*a - 351 = 3*a. Calculate the greatest common divisor of a and g.
9
Let s = 566 + -556. Suppose -s*i = -18*i + 1728. What is the highest common factor of i and 120?
24
Let d = -2 - -7. Let w(b) = 7*b + 12. Let p(v) = -v**2 + 14*v + 4. Let g be p(14). Let t be w(g). What is the highest common divisor of d and t?
5
Let r be 150/((-96)/(-16)) - 4*-2. What is the greatest common divisor of r and 2222?
11
Suppose -19 = -w - 8. Let i = w - -8. Suppose 0 = -8*m + 1274 - 210. Calculate the highest common divisor of i and m.
19
Let r(w) = 2*w**2 + 1. Let m be r(-1). Suppose -4*p + 170 = -2*c, -c - m*c = -20. Let k be p/(-10)*(-8)/12 + -1. What is the highest common factor of 2 and k?
2
Suppose -4*w - 25 = 491. Let o = w - -177. What is the greatest common divisor of 16 and o?
16
Let f(r) = -r**2 + 7*r - 14. Let x be f(5). Let w = x - -8. Suppose -v = o - 19, -74 = -w*v - 3*o + o. Calculate the greatest common divisor of 18 and v.
18
Let h(m) be the first derivative of 2*m**3/3 + 7*m**2 - 42*m - 55. Let l be h(-11). Calculate the highest common divisor of 322 and l.
46
Suppose 3*n + 5*z - 785 - 1454 = 0, n - z - 757 = 0. Suppose 1042 = 2*a + 5*y + 277, -y = 2*a - n. Calculate the highest common factor of 225 and a.
75
Suppose -2*x + 42 = 5*x. Suppose 2*r + x*l - 24 = 4*l, -36 = -5*r + 3*l. Calculate the highest common divisor of r and 9.
9
Suppose 224*l - 229*l = -225. Suppose 0 = l*y - 38*y - 882. What is the highest common factor of y and 144?
18
Let k = -3198 - -3366. What is the greatest common factor of 102 and k?
6
Let a be 366 - 45*(-15)/(-75). What is the greatest common divisor of 153 and a?
51
Let a(n) = 6*n + 102. Let l be a(11). Suppose 5*w + s - 3*s = 130, 3*w = 4*s + 92. What is the greatest common divisor of l and w?
24
Let n = -32 - -52. Suppose -437*r - 256 = -469*r. What is the highest common factor of r and n?
4
Let y be -192*(-6 - (46/(-8) - (-102)/136)). Calculate the highest common divisor of y and 804.
12
Suppose -2*j - 80 = -6*i, -2*i + 18 = -i - j. What is the highest common factor of 22121 and i?
11
Let l(s) = -s - 4. Let v be l(-7). Suppose 10*q - 42 = v*q. Suppose 4*u - 2*m = q*u - 66, -2*u - 3*m + 66 = 0. Calculate the greatest common factor of u and 3.
3
Suppose -184*k + 232577 + 384472 = -157959. What is the greatest common factor of k and 27?
27
Let u(o) = -2*o**3 + 108*o**2 + 117*o - 154. Let y be u(55). Let q be 0 + -2 + (3 - -41). What is the greatest common factor of q and y?
21
Let p = 1701 + 1580. Calculate the highest common factor of p and 1737.
193
Let v(j) = 2*j**3 + 24*j**2 + 47*j. Let a be v(-9). Suppose 2*i = b + 4*b + a, 5*i - 114 = -2*b. Calculate the greatest common divisor of 1056 and i.
24
Suppose -44 + 39 = -4*l + 3*r, 2*l = 2*r + 2. Suppose 5*a - 19 = 4*q, 2*a - 21*q = -18*q + l. Calculate the greatest common divisor of 469 and a.
7
Let q be ((-24)/24)/((-27)/189). What is the highest common divisor of 5054 and q?
7
Suppose 3*b + 5*t - 29 = 0, b + 108*t - 19 = 104*t. Calculate the greatest common factor of 89 and b.
1
Let l(z) = -5*z - 11. Let j be l(-9). Suppose -j = 4*s + 34. Let m = 27 + s. Calculate the highest common divisor of m and 70.
10
Let d = 21739 + -13594. What is the greatest common divisor of 90 and d?
45
Let i = 249 - 255. Let w be (i/(-15))/((-6387)/1065 - -6). Calculate the highest common factor of w and 213.
71
Suppose 2*d - 3*w - 18 = 23, 0 = -3*d - 4*w + 36. Suppose -3*f - d = -4*f. Suppose 126*u = 119*u + 1008. What is the highest common divisor of u and f?
16
Suppose -4160 = 258*f - 278*f. What is the greatest common factor of 64 and f?
16
Suppose -12*t - 2560 = -44*t. Calculate the greatest common factor of 710 and t.
10
Let r = -66 - -118. Suppose 0 = -3*b - 16 + r. Suppose -12*f + 16*f = b. What is the greatest common factor of f and 4?
1
Suppose -v - 10 + 26 = -2*s, -2*s = -5*v + 104. Let b be 4118/v - (-4)/(-22). Calculate the greatest common factor of b and 11.
11
Suppose -5*g + 15 = -25. Let u = 219 + -219. Suppose 0*b + j + 62 = 3*b, u = -4*b - 5*j + 70. Calculate the greatest common factor of b and g.
4
Let s be -1 + 1 + 189/3 + 1. Suppose -6*d - 28 = -s. What is the highest common divisor of 162 and d?
6
Suppose 30 = -3*y + 15, 0 = 5*d + 4*y - 120. What is the highest common divisor of d and 12?
4
Let m = -2 - -8. Let j be (5 - (-5 + 11))*-5 + -2. Let c(w) = -2*w + 12. Let a be c(j). Calculate the highest common factor of a and m.
6
Suppose 2 = 2*m + p - 100, p = 2*m - 90. Calculate the highest common divisor of m and 14712.
24
Suppose -4*u - 12 = 0, 5*q + u + 37 = 2*u. Let w be q/(-12) - (-70)/3. Let y(g) = -127*g - 492. Let r be y(-4). What is the highest common factor of w and r?
8
Suppose -25 = -2*q - 3. Suppose -527 + 131 = -q*m. Calculate the greatest common factor of m and 24.
12
Suppose -31 = -16*i + 12*i + k, -3*i = -4*k + 6. What is the greatest common divisor of i and 28440?
10
Let m = 29071 - 28407. Calculate the highest common divisor of m and 136.
8
Suppose -3*h = 6, -v + 2*h = -0*h - 9. Suppose -2*a - 4*o = -14, v*a = o + 17 + 7. Calculate the greatest common factor of 465 and a.
5
Suppose -9*h - 4 = -11*h. Suppose -4*s + t = 11 + 5, -h*t = -5*s - 23. Let a be (0 - -2)*s/(-2). What is the highest common divisor of 33 and a?
3
Suppose 0 = -3*v - 4*k + 17043, -25*k = -3*v - 26*k + 17043. What is the greatest common divisor of v and 46?
23
Let i = -8712 - -10924. What is the highest common factor of 126 and i?
14
Let d = 43 - 71. Suppose 0 = -2*g + j + 673, -j - 14 = -3*j. Let x be 8/d - g/(-14). Calculate the highest common divisor of x and 6.
6
Let k = 18452 - 5776. Suppose 0 = 70*i + 426 - k. Calculate the greatest common divisor of i and 125.
25
Let m be 1715/7 - -5 - 4. Let f = m - 245. What is the greatest common factor of 29 and f?
1
Suppose -4*q = -9*q + 3750. Suppose 0 = -6*g + q - 12. What is the greatest common divisor of 164 and g?
41
Suppose 11*d + d - 24 = 0. Let g be (5/2 + -1)*d. Let o(f) = 3*f + 3. Let m be o(6). Calculate the highest common divisor of g and m.
3
Let q be 325/10 - (-2)/(-4). Let f(y) = -y**3 + 20*y**2 - y + 4. Let h be f(4). Calculate the highest common factor of q and h.
32
Let d be (-1 - 0) + 18 + 2. Let b(v) = 16*v**2 + 5*v**2 - v**3 - 37*v - 5*v**2 + 5*v**2. Let o be b(19). What is the highest common divisor of d and o?
19
Suppose -g - 166 = 56*l - 57*l, 0 = -2*l + 3*g + 334. Calculate the greatest common factor of 2009 and l.
41
Suppose -4*x = 3*v - 1844, 3*x - 58 = -2*v + 1170. What is the greatest common factor of 2108 and v?
124
Suppose 4145*k = 4151*k - 792. Calculate the highest